alculate r(-18).
-5
Let k(m) = 6*m + 15. What is k(-6)?
-21
Let r(y) = -2*y**3 + 4*y**2 + y - 4. Calculate r(3).
-19
Let m(d) = -d**3 - 18*d**2 - 5*d - 26. Calculate m(-18).
64
Let c(u) = -u**3 - 7*u**2 - 2*u + 3. What is c(-5)?
-37
Let k(i) = -i**3 - 32*i**2 + 28*i - 55. Calculate k(-33).
110
Let t(f) = 20*f - 188. Give t(10).
12
Let y(w) = w - 33. Give y(19).
-14
Let z(w) = -8*w**3 + w**2 - w - 1. Calculate z(-1).
9
Let i(a) = 9*a + 90. What is i(-10)?
0
Let n(a) = -3*a**3 + 9*a**2 - 16*a - 3. Calculate n(4).
-115
Let o(a) = -a**3 - 4*a**2 - 5*a - 3. Determine o(-2).
-1
Let a(b) = b**3 - 10*b**2 - 14*b + 10. Determine a(11).
-23
Let c(o) = -o**3 - 9*o**2 - 9*o + 2. Give c(-7).
-33
Let x(z) = -2*z**3 + 20*z**2 - 16*z + 2. What is x(9)?
20
Let s(f) = f**3 + 11*f**2 + 9*f - 24. Give s(-10).
-14
Let j(s) = 13*s - 4. Calculate j(5).
61
Let y(r) = -6*r - 5. What is y(2)?
-17
Let i(k) = -k**2 - 5*k - 19. What is i(-5)?
-19
Let z(x) = -x - 62. Give z(0).
-62
Let v(u) = u**3 - 9*u**2 + 4*u - 35. Calculate v(9).
1
Let k(f) = 3*f**2 + 6*f + 5. Give k(-3).
14
Let s(m) = m**3 + 3*m**2 + 2. Determine s(-4).
-14
Let c(n) = -3*n**2 - 70. Determine c(0).
-70
Let c(q) = -q**2 + 8*q + 3. What is c(8)?
3
Let h(x) = -6*x - 50. Calculate h(-6).
-14
Let o(i) = -i**2 - 8*i + 16. Determine o(2).
-4
Let b(o) = -7*o + 19. What is b(-3)?
40
Let r(x) = -7*x - 2. Give r(2).
-16
Let w(u) = u**3 - 4*u**2 - 7*u + 3. Determine w(5).
-7
Let o(g) = 5*g + 10. Calculate o(31).
165
Let o(h) = -3*h - 3. What is o(3)?
-12
Let t(h) = -2*h**3 + 2*h**2 + 4*h + 6. Give t(4).
-74
Let n(k) = -k - 2. Give n(-3).
1
Let b(p) = -2*p - 17. Determine b(-14).
11
Let j(t) = -t**3 - 8*t**2 + 15*t + 2. Give j(2).
-8
Let a(h) = -17*h - 44. What is a(-3)?
7
Let b(y) = y**2 + 24*y + 43. What is b(-22)?
-1
Let g(i) = i**3 + 11*i**2 + 21*i + 8. Calculate g(-8).
32
Let a(y) = 8*y**2 - y - 2. What is a(-2)?
32
Let d(v) = 27*v - 107. Calculate d(4).
1
Let v(t) = -t**2 + 8*t + 152. Determine v(17).
-1
Let m(j) = -5*j - 17. What is m(0)?
-17
Let f(h) = -h**2 + h + 19. Calculate f(5).
-1
Let v(f) = -3*f + 6. Give v(14).
-36
Let n(g) = -g**3 + 14*g**2 + 10*g + 33. Calculate n(15).
-42
Let p(z) = 4*z**2 + 39*z + 27. What is p(-9)?
0
Let r(z) = z**2 + 18*z + 42. Calculate r(-18).
42
Let u(k) = k**3 + 15*k**2 - 7*k + 1. Give u(-15).
106
Let d(c) = c + 9. What is d(4)?
13
Let d(g) = -g**2 - 2*g + 11. Calculate d(-5).
-4
Let r(a) = -2*a**3 + a**2 - 2*a + 1. What is r(-2)?
25
Let v(y) = y**3 + y**2 - 10. What is v(0)?
-10
Let p(h) = h**2 - 7*h - 27. Give p(10).
3
Let q(v) = 11*v + 153. What is q(-12)?
21
Let c(w) = -w**3 + 9*w**2 - 10*w. Give c(8).
-16
Let w(s) = 3*s + 26. Determine w(-4).
14
Let k(n) = -14*n + 26. What is k(5)?
-44
Let i(s) = s**2 + 9*s - 5. What is i(-11)?
17
Let u(o) = -2*o**2 + 19*o + 22. Determine u(11).
-11
Let k(x) = -2*x**2 - 4*x - 5. Give k(-4).
-21
Let n(p) = -p**2 - 17*p - 66. Give n(-9).
6
Let r(o) = -o**3 + 13*o**2 - 17*o - 43. Calculate r(11).
12
Let x(o) = -o**3 - 12*o**2 + 3*o + 32. Calculate x(-12).
-4
Let x(o) = -o + 17. Give x(-15).
32
Let n(c) = -c**3 - 2*c - 1. What is n(-2)?
11
Let k(b) = b - 3. Give k(-6).
-9
Let u(n) = n + 13. Calculate u(-16).
-3
Let t(y) = -35*y - 605. Give t(-17).
-10
Let w(m) = -3*m**2 - 19*m - 9. Give w(-9).
-81
Let h(u) = u**3 - 7*u**2 + 7*u - 2. Determine h(6).
4
Let v(h) = -h**3 - 6*h**2 - 6. Determine v(-5).
-31
Let b(l) = -3*l + 14. What is b(-11)?
47
Let a(f) = -f**3 - 9*f**2 + 3*f + 5. Determine a(-8).
-83
Let t(w) = -w**3 - 3*w**2 - w - 15. What is t(-4)?
5
Let m(r) = 8*r - 6. Determine m(5).
34
Let i(f) = 10*f**3 + f**2 - f - 1. What is i(1)?
9
Let l(k) = 2*k**2 - 3*k + 1. Give l(2).
3
Let o(u) = -u**2 + 8. What is o(4)?
-8
Let s(q) = -q**2 + 7*q + 4. Calculate s(7).
4
Let q(z) = -z**2 + z - 49. Give q(0).
-49
Let n(g) = -29*g**2 + 237*g - 36. Determine n(8).
4
Let q(t) = 17*t - 119. Determine q(7).
0
Let k(b) = -b**3 + 16*b**2 - 17*b + 19. Determine k(15).
-11
Let n(r) = r**3 - 3*r**2 - 2*r. What is n(3)?
-6
Let v(o) = -o**3 + 8*o**2 - 10*o + 5. Calculate v(7).
-16
Let f(h) = h**2 - 13*h + 25. Calculate f(7).
-17
Let j(d) = d**3 + 10*d**2 + d - 6. What is j(-10)?
-16
Let o(v) = 2*v - 12. Calculate o(5).
-2
Let w(y) = -9*y - 6. What is w(3)?
-33
Let j(u) = -u**3 - 8*u**2 + 13*u + 9. Calculate j(-9).
-27
Let w(a) = 27*a**2 - 14*a - 13. What is w(-1)?
28
Let d(j) = -5*j**2 - 4*j - 1. Determine d(3).
-58
Let q(g) = -3*g + 1. Give q(-4).
13
Let z(m) = 6*m + 106. Determine z(-18).
-2
Let v(z) = z**3 + 29*z**2 + 2*z + 54. What is v(-29)?
-4
Let u(n) = n**2 - 32*n - 5. What is u(32)?
-5
Let p(j) = -j**2 + 20*j - 52. Give p(12).
44
Let o(q) = -q**3 - 4*q**2 + 3. Determine o(-3).
-6
Let l(g) = 6*g + 164. Calculate l(-27).
2
Let q(o) = 2*o**2 - 47*o + 14. Give q(21).
-91
Let i(t) = t**3 - 10*t**2 + 10*t. Determine i(9).
9
Let q(k) = 2*k**2 + 23*k - 197. Determine q(-17).
-10
Let i(r) = r + 25. Calculate i(11).
36
Let w(f) = -f**3 - 8*f**2 + 9*f - 12. Determine w(-9).
-12
Let x(b) = b**2 + b - 2. Determine x(-4).
10
Let f(z) = -29*z - 30. Calculate f(-1).
-1
Let a(o) = -3*o**2 - 12*o + 21. What is a(-5)?
6
Let q(i) = -2*i**2 - 54*i - 60. What is q(-26)?
-8
Let l(f) = -f**3 + 3*f**2 - f + 19. Calculate l(4).
-1
Let k(z) = 5*z + 19. Determine k(-5).
-6
Let f(g) = -3*g**2 - 160*g - 195. Determine f(-52).
13
Let y(m) = -3*m**3 + 3*m**2 + m + 2. Calculate y(3).
-49
Let u(o) = o**3 - 9*o**2 - 6*o + 10. Determine u(9).
-44
Let i(p) = p**3 - 6*p**2 - p + 11. Calculate i(7).
53
Let z(t) = t**3 - 34*t**2 + 32*t + 21. Give z(33).
-12
Let x(q) = -39*q - 51. Give x(-1).
-12
Let v(w) = 8*w - 17. What is v(-5)?
-57
Let t(h) = -3*h**2 + 115*h + 75. What is t(39)?
-3
Let m(j) = j + 2. Calculate m(2).
4
Let g(n) = n**2 - 15*n + 1. What is g(5)?
-49
Let i(y) = y**3 - 6*y**2 + 7*y - 9. Determine i(4).
-13
Let o(i) = -i**3 + 7*i**2 + 4*i + 8. Determine o(7).
36
Let x(u) = 4*u + 1. Calculate x(4).
17
Let a(j) = -j**2 + 14*j - 15. What is a(13)?
-2
Let b(q) = 3*q - 28. Determine b(11).
5
Let s(o) = -2*o - 14. Give s(-5).
-4
Let u(j) = 140*j + 979. Determine u(-7).
-1
Let s(d) = 2*d**3 - d + 3. What is s(2)?
17
Let t(d) = -d**3 + d**2 - 2*d - 2. Give t(-1).
2
Let r(b) = b**2 + 7*b - 5. Give r(-14).
93
Let g(q) = -q**2 - 18*q + 66. Give g(-21).
3
Let d(z) = 4*z - 41. Give d(5).
-21
Let m(a) = -a**2 - 13*a - 5. Give m(-10).
25
Let s(p) = -2*p + 22. Give s(11).
0
Let s(j) = -j**3 - j**2 - 153. Calculate s(0).
-153
Let r(p) = p**2 + 12*p - 15. Calculate r(-4).
-47
Let v(a) = a**3 + 22*a**2 - 2*a - 48. Calculate v(-22).
-4
Let w(y) = 2*y**3 + 91*y**2 + 43*y - 84. What is w(-45)?
6
Let p(h) = -h**2 + 4*h + 2. What is p(2)?
6
Let c(i) = i**2 + 6*i + 10. What is c(-4)?
2
Let t(c) = c**3 + 12*c**2 + 27*c + 57. Give t(-10).
-13
Let j(b) = b**2 + 18*b + 12. Give j(-16).
-20
Let d(a) = a**3 + 6*a**2 + 6*a + 3. Calculate d(-4).
11
Let s(w) = w + 9. Calculate s(-3).
6
Let d(h) = -15*h + 55. What is d(4)?
-5
Let i(d) = -2*d**2 + 13*d - 4. Determine i(6).
2
Let a(h) = 25*h**2 + 4*h - 2. Determine a(1).
27
Let v(z) = z**2 - 16. Calculate v(-5).
9
Let v(h) = 2*h**2 - 22*h - 11. Give v(13).
41
Let b(f) = 2*f**2 - 17*f - 12. Determine b(9).
-3
Let c(f) = -f. Determine c(-21).
21
Let s(x) = -x**3 + 17*x**2 + 7. Calculate s(17).
7
Let h(y) = -y**2 + 5*y - 9. What is h(6)?
-15
Let f(l) = 24*l - 1. What is f(-1)?
-25
Let h(l) = -l**3 - 18*l**2 - 15*l + 53. Determine h(-17).
19
Let y(g) = 6*g**2 - 30*g - 36. Give y(6).
0
Let c(a) = 41*a + 496. What is c(-12)?
4
Let y(l) = -l**2 + 10*l - 14. Give y(5).
11
Let u(l) = l**2 + 9*l - 5. Calculate u(-10).
5
Let h(b) = -39*b - 111. Determine h(-3).
6
Let g(d) = 9*d - 60. Give g(6).
-6
Let h(r) = -2*r**3 + 2*r**2 - 3*r + 6. Give h(3).
-39
Let j(v) = -2*v**2 + 14*v + 11. Calculate j(7).
11
Let a(i) = i - 43. Determine a(22).
-21
Let f(u) = -u**2 + 16*u - 15. Determine f(14).
13
Let k(i) = -i**2 + 16*i + 67. Determine k(20).
-13
Let v(n) = 5*n**2 + n. Determine v(-1).
4
Let h(s) = -4*s**2 + 23*s + 11. Calculate h(10).
-159
Let w(b) = b - 15. Calculate w(27).
12
Let n(s) = 2*s**2 - 5*s - 6. What is n(3)?
-3
Let m(l) = -l**3 + 9*l**2 + 9*l - 4. What is m(9)?
77
Let w(m) = -95*m - 3. What is w(1)?
-98
Let d(b) = 3*b**3 - 2*b - 1. Give d(2).
19
Let o(y) = -y**3 +